What is the remainder when -1 - (-1 - (-58)/(-2)) is divided by 11?
7
Let l(b) = 4*b - 5. Calculate the remainder when 54 is divided by l(5).
9
Suppose 49 = 2*z - 9. Let f = -12 - -20. What is the remainder when z is divided by f?
5
Let k = 21 - 12. Calculate the remainder when 23 is divided by k.
5
Let h(l) = 2*l**2 + 3*l + 4. Let i be h(5). Suppose 3*s + 5*f + 16 = i, -f = -5*s + 135. Calculate the remainder when 76 is divided by s.
24
Suppose 13*r - 14*r + 57 = 0. Suppose 0 = -s - 2*s + r. Calculate the remainder when 74 is divided by s.
17
Let l(r) = -45*r - 1. Let b be l(-1). Let c be (3*b/6)/1. Let p = c - -3. Calculate the remainder when p is divided by 9.
7
Let x be 4/(0 + (-2)/(-34)). Suppose -x = -3*z - z. Calculate the remainder when z is divided by 6.
5
Suppose -18 = -4*s - 6. Suppose -d = s*f - 5, 9 = 2*d + 3*f - 7. Suppose 0 = -m - 1 - 3, -4*v + 60 = 5*m. Calculate the remainder when v is divided by d.
9
Suppose l - 66 = 4*f - 0*l, -2*l - 44 = 3*f. Let n = -9 - f. What is the remainder when (-25 - -1)/(-8 + n) is divided by 13?
11
Let n = 9 - 2. What is the remainder when (-2)/(n/(350/(-4))) is divided by 13?
12
Suppose -2*u + 20 = 2*v, 4*v - u - 31 = 14. Calculate the remainder when (((-88)/16)/(-11))/((-1)/(-38)) is divided by v.
8
Let z(p) = -p**2 - 11*p + 3. Let m be z(-8). Let l = m - 19. Let t = 18 - l. What is the remainder when 29 is divided by t?
9
Suppose -45 = -5*s - 4*i, 2*i = -0*i. What is the remainder when 20 is divided by s?
2
Suppose -a + 27 = -42. Calculate the remainder when a is divided by 14.
13
Let y(t) = -2*t**3 + 5*t + 2. Suppose 4*m = 9*m + 15. Suppose j - 4*j = -42. What is the remainder when y(m) is divided by j?
13
Suppose 3*b + 43 = 289. Suppose d - b = -d. What is the remainder when d is divided by 21?
20
Suppose -111 - 14 = -5*l. What is the remainder when l is divided by 2/4*(-936)/(-52)?
7
Suppose 3*j + 5*v + 162 - 391 = 0, -4*v = -5*j + 320. Calculate the remainder when j is divided by 24.
20
Let i(t) = 4*t**2 - 6*t + 4. Let o be i(-5). Suppose 109 = 4*v - 3*z, -2*z + o = -0*v + 4*v. What is the remainder when v is divided by 16?
15
Let o(m) = 16*m - 1. Let u = 38 - 22. Calculate the remainder when o(2) is divided by u.
15
Let p = 53 - 38. Suppose b = 4*m + p, -3*m + 0*m = 0. Calculate the remainder when b is divided by 9.
6
Let f(c) = c**2 + c + 3. Calculate the remainder when f(5) is divided by 9.
6
Suppose 0 = -4*c - 4, 3*f - 3*c - 68 = 37. What is the remainder when 99 is divided by f?
31
Suppose 4*n - 20 = 0, -2*g - 3*g + 55 = 5*n. What is the remainder when 9 is divided by (g/(-4))/(1/(-2))?
0
Let f(q) = 11*q**2 - 14*q**2 - 3*q + q - q**3. What is the remainder when 17 is divided by f(-3)?
5
Suppose 0 = f + 3*v + 8, 1 + 3 = -5*f + 3*v. What is the remainder when 12 is divided by 11 + f - (-2 + 4)?
5
Let u be 3 - -97 - (2 + -4). Suppose -2*z + 141 = 3*g - 5*z, 2*g = 4*z + u. Calculate the remainder when g is divided by 11.
10
Let c(r) = r**2 + 3*r - 6. What is the remainder when 34 is divided by c(-6)?
10
Let v be ((-5)/3)/(15/(-18)). Suppose d + v*b = b + 24, 5*d - b = 144. What is the remainder when d is divided by 15?
13
Let b(d) be the third derivative of -d**4/24 + d**3/2 + 4*d**2. What is the remainder when b(-3) is divided by 4?
2
Let v = -31 + 44. Calculate the remainder when v is divided by 4.
1
Suppose 3*u - 18 = u. Let k(r) = r**3 - 9*r**2 + 6. Suppose 5*z = -0*z + 85. Calculate the remainder when z is divided by k(u).
5
Suppose -6 = -u + 13. Calculate the remainder when (-13 - -15)/((-2)/(-56)) is divided by u.
18
Let x(a) = -4*a + 16. Calculate the remainder when 52 is divided by x(0).
4
Suppose 390 = -k + 14*k. Calculate the remainder when 85 is divided by k.
25
Suppose 3*y + y + 16 = 0, 4*o = y + 68. Suppose 3 = s - o. Suppose -17 - s = -2*x. What is the remainder when x is divided by 10?
8
Let q(z) = -z + 2. Let v be q(0). Suppose v*u - 2*m - 44 = 0, 0 = -0*u + 4*u - 3*m - 83. Calculate the remainder when 50 is divided by u.
16
Let t = 55 + -28. What is the remainder when 71 is divided by t?
17
Let s = 120 + -56. Suppose 2*q = 1 - 73. Let o = q + s. Calculate the remainder when o is divided by 15.
13
Let a = 18 + -5. What is the remainder when a is divided by 8?
5
Let b = 78 - 52. Let o = 47 - b. Calculate the remainder when o is divided by 11.
10
Suppose 5*g + i - 105 = -0*g, -10 = 2*i. Let v = 7 + g. What is the remainder when v is divided by 10?
9
Let a(g) = g**3 - 7*g**2 - g - 3. Let h be a(7). What is the remainder when 13 is divided by (h/(-4))/((-2)/(-4))?
3
Let z be (6 + 0)*(-4)/(-6). Suppose 5*q + 3*m - 18 = 12, z*m - 12 = -2*q. Calculate the remainder when 7/14 - (-38)/4 is divided by q.
4
Suppose 0 = -19*x + 22*x - 141. What is the remainder when x is divided by 13?
8
Let i be -2 + (0 - -1) + 1. Suppose -4*g + 68 = -i*g. Suppose 19 + 17 = 4*l. What is the remainder when g is divided by l?
8
Suppose 0*a + 2*a - 6 = 0, 0 = -2*o + 3*a - 1. What is the remainder when 17 is divided by o?
1
Let r(u) = 66*u**2 + 2*u + 2. Let w be (-2)/(-14) - 48/42. What is the remainder when r(w) is divided by (-1)/(-2) + 33/2?
15
Let m(f) = -f**3 + 7*f**2 - 5*f - 3. Let s be m(6). Suppose -13 = -s*r + 2*r. Calculate the remainder when 37 is divided by r.
11
Suppose 5*y = -3*w - 0*w + 125, 5*w + 3*y = 203. Calculate the remainder when 159 is divided by w.
39
Let y = -90 + 131. What is the remainder when y is divided by 31?
10
Let y = 16 + 8. Calculate the remainder when y is divided by 7.
3
Suppose 2*h + 10 = 36. Suppose 0 = -i - 2, -h = 3*l - 4*l + 5*i. What is the remainder when 6 is divided by l?
0
Let x(t) = t**2 + 17. Let p be (-1 + 5)*14/8. Suppose p*w - 2*w - 160 = 0. Calculate the remainder when w is divided by x(0).
15
Let r = 141 - 91. Calculate the remainder when r is divided by 20.
10
Let t be 9/4*(5 - 1). Calculate the remainder when (-28)/(-7)*26/8 is divided by 42/t + 6/(-9).
1
Let u(m) = -m - 3. Let r = 0 + -6. Let s(y) = -y**3 - 8*y**2 - 7*y + 4. What is the remainder when s(-7) is divided by u(r)?
1
Let u(r) = r**3 - 10*r**2 + 12*r + 11. What is the remainder when u(9) is divided by 13?
12
Suppose 4*g + 44 - 18 = -a, 4*g = -2*a - 28. What is the remainder when 15 is divided by g/(-9) - 32/(-6)?
3
Suppose -15 = -y - 4. Let w(b) = -b - 4. Let g be w(-7). Suppose -4*s = -s + d - 55, 0 = -3*s + g*d + 63. Calculate the remainder when s is divided by y.
8
Suppose -v + 18 + 1 = 0. Suppose 3*k + 1 - 7 = 0. Suppose -o + 165 = k*o. Calculate the remainder when o is divided by v.
17
Suppose 0 = -2*d + 5*y + 24, 6 = -4*d - 3*y + 2. What is the remainder when d/1 + 126/6 is divided by 12?
11
Suppose 0 = -3*b + 82 + 5. Suppose -27 - b = -4*g. What is the remainder when 27 is divided by g?
13
Suppose 0 = 2*h + 258 - 68. Let x = h - -51. Calculate the remainder when 20 is divided by (-2)/6 + x/(-6).
6
Let m(w) = -w**3 - 11*w**2 - 11*w + 7. Let n be m(-10). Suppose -x + n = 5. Suppose 0 = -p - 0*p + 22. What is the remainder when p is divided by x?
10
Let f = 22 + -17. Let o = 15 + f. Calculate the remainder when o is divided by 7.
6
Let k = -9 - -8. Let j = k - -6. Calculate the remainder when 14 is divided by j.
4
Suppose 4*n - 187 = -3. What is the remainder when n is divided by (96/(-20))/(18/(-60))?
14
Let t = -7 - -12. Calculate the remainder when t is divided by 2.
1
Let u(j) = -j**3 - 2*j**2 + j - 1. Let k be u(-3). Suppose -4*l = -4*q + 148, -272 = -k*q + l - 83. Calculate the remainder when q is divided by 13.
12
Let m(b) = -b**2 + b + 2. Let r be m(0). Calculate the remainder when 4 is divided by (24/(-30))/(r/(-5)).
0
Suppose 0*d + 3*d + 46 = r, 2*r - 4*d - 84 = 0. Calculate the remainder when r is divided by 18.
16
Suppose -5*z + 124 = 3*q, 4*z - q = -5*q + 96. What is the remainder when 127 is divided by z?
23
Let p(v) = 7*v - 3. What is the remainder when p(8) is divided by 27?
26
Let d(t) = -t**3 - 3*t**2 + 4*t + 4. Let u be d(-4). Suppose -2*h - 2*f + 2 = -0, -10 = -5*h - u*f. Calculate the remainder when h is divided by 4.
2
Let i = -79 - -158. Calculate the remainder when i is divided by 27.
25
Suppose 5*p - 21 = q, -p + 2*q - 10 = -4*p. Calculate the remainder when p is divided by ((-2)/6)/(-1)*6.
0
Let q be -2 + 10/6*3. Let l(i) = q*i - 3 + 0*i - i. What is the